{"id":115,"date":"2022-04-26T19:11:14","date_gmt":"2022-04-26T19:11:14","guid":{"rendered":"https:\/\/zweiraumimmo.at\/?page_id=115"},"modified":"2026-04-28T17:36:01","modified_gmt":"2026-04-28T15:36:01","slug":"zweiraum-immobilien","status":"publish","type":"page","link":"https:\/\/zweiraumimmo.at\/","title":{"rendered":"zweiraum Immobilien"},"content":{"rendered":"<p><a href=\"#scroll-down\"><\/p>\n<p><\/a><\/p>\n<p>zweiraum<\/p>\n<p><a href=\"#about\">\u00dcber uns<\/a><a href=\"#work\">Referenzen<\/a><\/p>\n<p>VertrauensvollTrustWir sind Ihr kompetenter und zuverl\u00e4ssiger Partner am Immobilienmarkt<\/p>\n<p>FinanzstarkCapitalAls finanzstarker Immobilieninvestor kaufen wir Immobilien schnell und bankenunabh\u00e4ngig<\/p>\n<p>UnkompliziertFast &amp; EasyWir sind unkompliziert &amp; unb\u00fcrokratisch, wie die Menschen hinter zweiraum<\/p>\n<p>\u00dcber uns<br \/>\nWe Focus On Real Estate<br \/>\nWir von zweiraum Immobilien fokussieren uns auf den Ankauf und die Entwicklung von Wohn- und Gewerbeimmobilien in \u00d6sterreich.<\/p>\n<p>Immobilien Ankauf<br \/>\nWir sind ein junges, dynamisches und inhabergef\u00fchrtes Unternehmen und im Rahmen unseres Wachstumskurses laufend auf der Suche nach passenden Wohn- und Gewerbeimmobilien.<\/p>\n<p>Kerngesch\u00e4ft ist der Ankauf sowie die Entwicklung und Bestandshaltung von Mehrfamilienh\u00e4usern, Wohn- und Gesch\u00e4ftsh\u00e4usern sowie Wohnanlagen.<\/p>\n<p>Ziel ist der Aufbau eines hochwertigen Bestandsimmobilienportfolios in ganz \u00d6sterreich mit einem aktuellen Fokus auf die Regionen Steiermark, K\u00e4rnten &amp; Wien.<\/p>\n<p>Immobilien Vermietung<br \/>\nWir von zweiraum vermieten nicht einfach Wohnungen und H\u00e4user, wir vermieten Lebensr\u00e4ume. Das Wohlbefinden unserer Mieter steht dabei an erster Stelle.<\/p>\n<p>Die laufende Modernisierung und Instandhaltung unserer Objekte ist ein integraler Bestandteil unserer Philosophie. Wir vermieten R\u00e4ume in denen Menschen leben, arbeiten und sich entfalten k\u00f6nnen &#8211; und das ganz ohne Kompromisse.<\/p>\n<p>Wir sind keinesfalls Standard und unsere Immobilien sind es auch nicht. Von der Singlewohnung bis hin zum Penthouse und vom Lagerraum bis hin zum gesamten Firmenstandort ist alles dabei.<\/p>\n<p>Immobilien Entwicklung<br \/>\nDurch unsere langj\u00e4hrige Erfahrung als Immobilien- und Projektentwickler schaffen wir neue Wohn- und Lebensr\u00e4ume.<\/p>\n<p>Neben der Entwicklung von neuen Wohnr\u00e4umen, revitalisieren und modernisieren wir auch bestehende R\u00e4ume.<\/p>\n<p>Wenn durch die Wiederbelebung von bestehenden Wohnfl\u00e4chen ein kleines St\u00fcck gr\u00fcne Wiese weniger verbaut wird, dann macht uns das zus\u00e4tzlich gl\u00fccklich.<\/p>\n<p>Wonach wir suchen<br \/>\nWir erweitern unser Portfolio laufend und erwerben \u00f6sterreichweit Wohn- und Gewerbeimmobilien, sowie Grundst\u00fccke.<\/p>\n<p>Wohnungen<br \/>\nEinzelne Wohnungen oder auch Wohnungspakete. Wir kaufen auch sanierungsbed\u00fcrftige Objekte.<\/p>\n<p>Zinsh\u00e4user<br \/>\nWir sind auch auf der Suche nach Zinsh\u00e4usern.<\/p>\n<p>Gewerbeobjekte<br \/>\nObjekte mit einem Gewerbeanteil oder reine Gewerbeobjekte stehen auch auf unserer Suchliste.<\/p>\n<p>Grundst\u00fccke<br \/>\nSie sind im Besitz eines Grundst\u00fccks? Dann geben Sie uns Bescheid und wir melden uns rasch mit einer Antwort.<\/p>\n<p>Team<\/p>\n<p>Who We Are<\/p>\n<p>Unser Team definiert den Erfolg und die Nachhaltigkeit unseres Unternehmens. Die Branchenexpertise, die unternehmerischen F\u00e4higkeiten und der Teamgeist, sind der Schl\u00fcssel zu erfolgreichen Gesch\u00e4ftsaktivit\u00e4ten. Der Mensch steht bei uns dabei jederzeit im Mittelpunkt.<\/p>\n<p><img decoding=\"async\" src=\"http:\/\/zweiraumimmo.at\/wp-content\/uploads\/2022\/04\/Markus-Portrait.png\" \/><\/p>\n<p><a href=\"https:\/\/www.linkedin.com\/in\/markus-strohriegl-08185614a\/\" target=\"_blank\"><\/a><\/p>\n<p>MARKUS STROHRIEGL<br \/>\nGr\u00fcnder<\/p>\n<p><img decoding=\"async\" src=\"http:\/\/zweiraumimmo.at\/wp-content\/uploads\/2022\/04\/Michael-Portrait.png\" \/><\/p>\n<p><a href=\"https:\/\/www.linkedin.com\/in\/michael-taschner\/\" target=\"_blank\"><\/a><\/p>\n<p>MICHAEL TASCHNER<br \/>\nGr\u00fcnder<\/p>\n<p>Werden Sie zu unserem Partner<br \/>\nF\u00fcr uns bei zweiraum Immobilien ist der Erfolg unserer Partner ein entscheidender Faktor.<\/p>\n<p>Wir leben Nachhaltigkeit und sehen unsere Partner als erweitertes Team.<\/p>\n<p><a href=\"#contact\">Kontakt<\/a><\/p>\n<p><img decoding=\"async\" src=\"http:\/\/zweiraumimmo.at\/wp-content\/uploads\/2022\/04\/IMG_6334-scaled.jpeg\" \/><a href=\"#work\">Zu unseren Referenzen<\/a><\/p>\n<p>Wer Wir Sind<br \/>\nzweiraum Immobilien GmbH<br \/>\nNach langj\u00e4hriger Erfahrung im Immobilienbereich haben sich die beiden Gr\u00fcnder Markus Strohriegl &amp; Michael Taschner im Jahr 2021 zusammengeschlossen und die zweiraum Immobilien GmbH gegr\u00fcndet.<\/p>\n<p>Unser Ziel ist es die Immobilienbranche in \u00d6sterreich zu ver\u00e4ndern und innovativer zu gestalten.<\/p>\n<p>\u201czweiraum &#8211; Immobilien neu gedacht\u201d<\/p>\n<p>Ankauf<br \/>\nWir kaufen Ihre Immobilie<br \/>\nSie verkaufen oder vermitteln Immobilien?<\/p>\n<p>Treten Sie mit uns in Kontakt. Wir freuen uns auf Ihr Angebot<\/p>\n<p><a href=\"https:\/\/bit.ly\/3BC9FX0\">Unser Ankaufsprofil<\/a><\/p>\n<p>Wir kaufen WohnungenWir kaufen Zinsh\u00e4userWir kaufen GewerbeimmobilienWir kaufen Grundst\u00fcckeWir entwickeln Immobilien<\/p>\n<p>\u2014 zweiraum Immobilien \u2014<\/p>\n<p>Referenzen<br \/>\nSome Recent Projects<\/p>\n<p>Erhalten Sie einen \u00dcberblick \u00fcber eine Auswahl unserer Immobilienprojekte.<br \/>\nAllZielmarktEntwicklungBestand\t\t\t\t<\/p>\n<p><a href=\"\"><\/p>\n<p><img decoding=\"async\" src=\"http:\/\/zweiraumimmo.at\/wp-content\/uploads\/2022\/05\/hallo-G-e1651415297990.jpg\" \/><\/p>\n<p>Zielmarkt GRAZ<\/p>\n<p><\/a><br \/>\n\t\t\t\t\t\tZielmarkt GRAZ<br \/>\nImmobilien Ankauf<\/p>\n<p>Wir sind aktuell auf der Suche nach Objekten im Gro\u00dfraum Graz. Bitte melden Sie sich bei uns sollten Sie ein passendes Objekt kennen.<\/p>\n<p><a href=\"\"><\/p>\n<p><img decoding=\"async\" src=\"http:\/\/zweiraumimmo.at\/wp-content\/uploads\/2022\/05\/W1-1-cut-e1651413449634.png\" \/><\/p>\n<p>Entwicklung Wohnobjekt<br \/>\nWohnobjekt in Graz Waltendorf<\/p>\n<p><\/a><br \/>\n\t\t\t\t\t\tEntwicklung Wohnobjekt<\/p>\n<p>Projekt<br \/>\nBeschreibung<\/p>\n<p>Eine sehr sch\u00f6ne Wohnung in Graz Waltendorf wurde im Zuge einer Komplettsanierung \u00fcber einen Zeitraum von 6 Monaten kernsaniert und anschlie\u00dfend einer neuen gl\u00fccklichen Besitzerin \u00fcbergeben.<\/p>\n<p>Projekt<br \/>\nDetails<\/p>\n<p>DAUER: 6 Monate<br \/>\n\tARBEITEN: Elektroinstallationen, Fu\u00dfb\u00f6den, Bad\/WC, W\u00e4nde, Heizung<\/p>\n<p><a href=\"\"><\/p>\n<p><img decoding=\"async\" src=\"http:\/\/zweiraumimmo.at\/wp-content\/uploads\/2022\/05\/W2-1-e1651416247848.png\" \/><\/p>\n<p>Entwicklung Wohnobjekt<br \/>\nWohnobjekt in Graz Lend<\/p>\n<p><\/a><br \/>\n\t\t\t\t\t\tEntwicklung Wohnobjekt<br \/>\nProjekt<br \/>\nBeschreibung<\/p>\n<p>Eine 78m2 Wohnung in Graz Lend wurde im Zuge einer Komplettsanierung \u00fcber einen Zeitraum von 5 Monaten kernsaniert und anschlie\u00dfend an die neuen Eigent\u00fcmer \u00fcbergeben. Auch der Balkon wurde bei dieser Sanierung neu gestaltet.<\/p>\n<p>Projekt<br \/>\nDetails<\/p>\n<p>DAUER: 5 Monate<br \/>\n\tARBEITEN: Elektroinstallationen, Fu\u00dfb\u00f6den, Bad\/WC, W\u00e4nde, Balkon<\/p>\n<p><a href=\"\"><\/p>\n<p><img decoding=\"async\" src=\"http:\/\/zweiraumimmo.at\/wp-content\/uploads\/2022\/12\/Hallo-Gleisdorf.png\" \/><\/p>\n<p>Zielmarkt GLEISDORF<\/p>\n<p><\/a><br \/>\n\t\t\t\t\t\tZielmarkt GLEISDORF<br \/>\nImmobilien Ankauf<\/p>\n<p>Wir sind aktuell auf der Suche nach Objekten im Raum Gleisdorf. Bitte melden Sie sich bei uns sollten Sie ein passendes Objekt kennen.<\/p>\n<p><a href=\"\"><\/p>\n<p><img decoding=\"async\" src=\"http:\/\/zweiraumimmo.at\/wp-content\/uploads\/2022\/07\/gleisdorf.png\" \/><\/p>\n<p>2 x Zinshaus in Gleisdorf<br \/>\nWohnobjekte in Gleisdorf<\/p>\n<p><\/a><br \/>\n\t\t\t\t\t\t2 x Zinshaus in Gleisdorf<br \/>\nProjekt<br \/>\nBeschreibung<\/p>\n<p>In der Stadt Gleisdorf nahe des Hauptplatzes befinden sich zwei unserer Zinsh\u00e4user. Von der Gewerbefl\u00e4che bis hin zum Penthouse ist hier alles dabei.<\/p>\n<p><a href=\"\"><\/p>\n<p><img decoding=\"async\" src=\"http:\/\/zweiraumimmo.at\/wp-content\/uploads\/2024\/08\/Gleisdorf-FG4.png\" \/><\/p>\n<p>Zinshaus GLEISDORF<br \/>\nZinshaus in Gleisdorf<\/p>\n<p><\/a><br \/>\n\t\t\t\t\t\tZinshaus GLEISDORF<br \/>\nProjekt<br \/>\nBeschreibung<\/p>\n<p>In der Stadt Gleisdorf befindet sich eines unserer Zinsh\u00e4user. Das Haus wird gewerblich von \u00c4rzten und Therapeuten genutzt.<\/p>\n<p><a href=\"\"><\/p>\n<p><img decoding=\"async\" src=\"http:\/\/zweiraumimmo.at\/wp-content\/uploads\/2022\/05\/hallo-LB-e1651415343294.jpg\" \/><\/p>\n<p>Zielmarkt LEIBNITZ<\/p>\n<p><\/a><br \/>\n\t\t\t\t\t\tZielmarkt LEIBNITZ<br \/>\nImmobilien Ankauf<\/p>\n<p>Wir sind aktuell auf der Suche nach Objekten im Raum Leibnitz. Bitte melden Sie sich bei uns sollten Sie ein passendes Objekt kennen.<\/p>\n<p><a href=\"\"><\/p>\n<p><img decoding=\"async\" src=\"http:\/\/zweiraumimmo.at\/wp-content\/uploads\/2022\/07\/Haus-Leibnitz.png\" \/><\/p>\n<p>Zinshaus in Leibnitz<br \/>\nWohnobjekt in Leibnitz<\/p>\n<p><\/a><br \/>\n\t\t\t\t\t\tZinshaus in Leibnitz<\/p>\n<p>Projekt<br \/>\nBeschreibung<\/p>\n<p>In Leibnitz in einer ruhigen Seitenstra\u00dfe befindet sich eines unserer Zinsh\u00e4user. Das Objekt wurde im Jahr 2000 erbaut. Die Bewohner dieses Hauses erfreuen sich speziell an den gro\u00dfen Freifl\u00e4chen und der sehr ruhigen und zentralen Lage Nahe der Stadt Leibnitz.<\/p>\n<p><a href=\"\"><\/p>\n<p><img decoding=\"async\" src=\"http:\/\/zweiraumimmo.at\/wp-content\/uploads\/2024\/08\/hallo-muerztal.png\" \/><\/p>\n<p>Zielmarkt M\u00dcRZTAL<\/p>\n<p><\/a><br \/>\n\t\t\t\t\t\tZielmarkt M\u00dcRZTAL<br \/>\nImmobilien Ankauf<\/p>\n<p>Wir sind aktuell auf der Suche nach Objekten im Raum M\u00fcrztal, mit einem Fokus auf die Bereiche Kapfenberg und St. Marein. Bitte melden Sie sich bei uns sollten Sie ein passendes Objekt kennen.<\/p>\n<p><a href=\"\"><\/p>\n<p><img decoding=\"async\" src=\"http:\/\/zweiraumimmo.at\/wp-content\/uploads\/2024\/08\/St-Marein-BS4.png\" \/><\/p>\n<p>Zinshaus ST. MAREIN<br \/>\nWohnobjekt in St.Marein im M\u00fcrztal<\/p>\n<p><\/a><br \/>\n\t\t\t\t\t\tZinshaus ST. MAREIN<br \/>\nProjekt<br \/>\nBeschreibung<\/p>\n<p>In der sch\u00f6nen Marktgemeinde St. Marein im M\u00fcrztal befindet sich eines unserer Zinsh\u00e4user. Das Haus wird als Wohnobjekt genutzt.<\/p>\n<p><a href=\"\"><\/p>\n<p><img decoding=\"async\" src=\"http:\/\/zweiraumimmo.at\/wp-content\/uploads\/2024\/08\/Voitsberg-HP34-k.png\" \/><\/p>\n<p>Zinsh\u00e4user VOITSBERG<br \/>\nWohnobjekt in Voitsberg<\/p>\n<p><\/a><br \/>\n\t\t\t\t\t\tZinsh\u00e4user VOITSBERG<br \/>\nProjekt<br \/>\nBeschreibung<\/p>\n<p>In der Stadt Voitsberg direkt am Hauptplatz befinden sich zwei unserer Zinsh\u00e4user. Von der Gewerbefl\u00e4che bis hin zum Wohnobjekt ist hier alles dabei.<\/p>\n<p><a href=\"\"><\/p>\n<p><img decoding=\"async\" src=\"http:\/\/zweiraumimmo.at\/wp-content\/uploads\/2022\/05\/W3-2-Large-e1651416853683.png\" \/><\/p>\n<p>Entwicklung Wohnobjekt<br \/>\nWohnobjekt in Graz Eggenberg<\/p>\n<p><\/a><br \/>\n\t\t\t\t\t\tEntwicklung Wohnobjekt<br \/>\nProjekt<br \/>\nBeschreibung<\/p>\n<p>In Graz Eggenberg wurde eine ~50m2 Wohnung im 2. Stock saniert. Bei der Sanierung wurden u.a. die B\u00f6den und Fenster neu gemacht. Daneben wurde auch das Bad, sowie die K\u00fcche erneuert.<\/p>\n<p>Projekt<br \/>\nDetails<\/p>\n<p>DAUER: 4 Monate<br \/>\n\tARBEITEN: Fu\u00dfb\u00f6den, Bad\/WC, K\u00fcche, W\u00e4nde<\/p>\n<p>Kontakt<br \/>\nKeep In Touch<\/p>\n<p>Tel.: +43 (664) 35 15 355<\/p>\n<p>Merangasse 12, 8010 Graz, \u00d6sterreich<\/p>\n<p><a href=\"mailto:office@zweiraumimmo.at?subject=Kontaktaufnahme\">office@zweiraumimmo.at<\/a><br \/>\n<a href=\"https:\/\/www.zweiraumimmo.at\">www.zweiraumimmo.at<\/a><\/p>\n<p><a href=\"https:\/\/www.instagram.com\/zweiraum_immo\/\"><\/a> _ <a href=\"https:\/\/www.facebook.com\/zweiraumimmo\" target=\"_blank\"><\/a> _ <a href=\"https:\/\/www.linkedin.com\/company\/zweiraum-immobilien\" target=\"_blank\"><\/a><\/p>\n","protected":false},"excerpt":{"rendered":"<p class=\"excerpt\">zweiraum \u00dcber unsReferenzen VertrauensvollTrustWir sind Ihr kompetenter und zuverl\u00e4ssiger Partner am Immobilienmarkt FinanzstarkCapitalAls finanzstarker Immobilieninvestor kaufen wir Immobilien schnell und bankenunabh\u00e4ngig UnkompliziertFast &amp; EasyWir sind unkompliziert &amp; unb\u00fcrokratisch, wie die Menschen hinter zweiraum \u00dcber uns We Focus On Real Estate Wir von zweiraum Immobilien fokussieren uns auf den Ankauf und die Entwicklung von Wohn- und [&hellip;]<\/p>\n","protected":false},"author":1,"featured_media":0,"parent":0,"menu_order":0,"comment_status":"closed","ping_status":"closed","template":"builder.php","meta":{"footnotes":""},"class_list":["post-115","page","type-page","status-publish","hentry"],"yoast_head":"<!-- This site is optimized with the Yoast SEO plugin v27.5 - https:\/\/yoast.com\/product\/yoast-seo-wordpress\/ -->\n<title>zweiraum Immobilien - Immobilien in Graz, Leibnitz, Gleisdorf ...<\/title>\n<meta name=\"description\" content=\"zweiraum Immobilien GmbH ist ein Immobilienunternemen mit Sitz in Graz welches sich auf den An- und Verkauf von Immobilien spezialisiert hat.\" \/>\n<meta name=\"robots\" content=\"index, follow, max-snippet:-1, max-image-preview:large, max-video-preview:-1\" \/>\n<link rel=\"canonical\" href=\"https:\/\/zweiraumimmo.at\/\" \/>\n<meta property=\"og:locale\" content=\"en_US\" \/>\n<meta property=\"og:type\" content=\"article\" \/>\n<meta property=\"og:title\" content=\"zweiraum Immobilien\" \/>\n<meta property=\"og:description\" content=\"Wir von zweiraum Immobilien fokussieren uns auf den Ankauf und die Entwicklung von Wohn- und Gewerbeimmobilien in \u00d6sterreich.\" \/>\n<meta property=\"og:url\" content=\"https:\/\/zweiraumimmo.at\/\" \/>\n<meta property=\"og:site_name\" content=\"zweiraum Immobilien\" \/>\n<meta property=\"article:publisher\" content=\"https:\/\/www.facebook.com\/zweiraumimmo\" \/>\n<meta property=\"article:modified_time\" content=\"2026-04-28T15:36:01+00:00\" \/>\n<meta property=\"og:image\" content=\"http:\/\/zweiraumimmo.at\/wp-content\/uploads\/2022\/04\/zweiraum_transparent.png\" \/>\n\t<meta property=\"og:image:width\" content=\"651\" \/>\n\t<meta property=\"og:image:height\" content=\"383\" \/>\n\t<meta property=\"og:image:type\" content=\"image\/png\" \/>\n<meta name=\"twitter:card\" content=\"summary_large_image\" \/>\n<meta name=\"twitter:label1\" content=\"Est. reading time\" \/>\n\t<meta name=\"twitter:data1\" content=\"8 minutes\" \/>\n<script type=\"application\/ld+json\" class=\"yoast-schema-graph\">{\"@context\":\"https:\\\/\\\/schema.org\",\"@graph\":[{\"@type\":\"WebPage\",\"@id\":\"https:\\\/\\\/zweiraumimmo.at\\\/\",\"url\":\"https:\\\/\\\/zweiraumimmo.at\\\/\",\"name\":\"zweiraum Immobilien - Immobilien in Graz, Leibnitz, Gleisdorf ...\",\"isPartOf\":{\"@id\":\"https:\\\/\\\/zweiraumimmo.at\\\/#website\"},\"primaryImageOfPage\":{\"@id\":\"https:\\\/\\\/zweiraumimmo.at\\\/#primaryimage\"},\"image\":{\"@id\":\"https:\\\/\\\/zweiraumimmo.at\\\/#primaryimage\"},\"thumbnailUrl\":\"http:\\\/\\\/zweiraumimmo.at\\\/wp-content\\\/uploads\\\/2022\\\/04\\\/Markus-Portrait.png\",\"datePublished\":\"2022-04-26T19:11:14+00:00\",\"dateModified\":\"2026-04-28T15:36:01+00:00\",\"description\":\"zweiraum Immobilien GmbH ist ein Immobilienunternemen mit Sitz in Graz welches sich auf den An- und Verkauf von Immobilien spezialisiert hat.\",\"breadcrumb\":{\"@id\":\"https:\\\/\\\/zweiraumimmo.at\\\/#breadcrumb\"},\"inLanguage\":\"en-US\",\"potentialAction\":[{\"@type\":\"ReadAction\",\"target\":[\"https:\\\/\\\/zweiraumimmo.at\\\/\"]}]},{\"@type\":\"ImageObject\",\"inLanguage\":\"en-US\",\"@id\":\"https:\\\/\\\/zweiraumimmo.at\\\/#primaryimage\",\"url\":\"https:\\\/\\\/zweiraumimmo.at\\\/wp-content\\\/uploads\\\/2022\\\/04\\\/Markus-Portrait.png\",\"contentUrl\":\"https:\\\/\\\/zweiraumimmo.at\\\/wp-content\\\/uploads\\\/2022\\\/04\\\/Markus-Portrait.png\",\"width\":2570,\"height\":1941},{\"@type\":\"BreadcrumbList\",\"@id\":\"https:\\\/\\\/zweiraumimmo.at\\\/#breadcrumb\",\"itemListElement\":[{\"@type\":\"ListItem\",\"position\":1,\"name\":\"Home\",\"item\":\"https:\\\/\\\/zweiraumimmo.at\\\/\"},{\"@type\":\"ListItem\",\"position\":2,\"name\":\"zweiraum Immobilien\"}]},{\"@type\":\"WebSite\",\"@id\":\"https:\\\/\\\/zweiraumimmo.at\\\/#website\",\"url\":\"https:\\\/\\\/zweiraumimmo.at\\\/\",\"name\":\"zweiraum Immobilien\",\"description\":\"Immobilien neu gedacht\",\"publisher\":{\"@id\":\"https:\\\/\\\/zweiraumimmo.at\\\/#organization\"},\"potentialAction\":[{\"@type\":\"SearchAction\",\"target\":{\"@type\":\"EntryPoint\",\"urlTemplate\":\"https:\\\/\\\/zweiraumimmo.at\\\/?s={search_term_string}\"},\"query-input\":{\"@type\":\"PropertyValueSpecification\",\"valueRequired\":true,\"valueName\":\"search_term_string\"}}],\"inLanguage\":\"en-US\"},{\"@type\":\"Organization\",\"@id\":\"https:\\\/\\\/zweiraumimmo.at\\\/#organization\",\"name\":\"zweiraum Immobilien\",\"url\":\"https:\\\/\\\/zweiraumimmo.at\\\/\",\"logo\":{\"@type\":\"ImageObject\",\"inLanguage\":\"en-US\",\"@id\":\"https:\\\/\\\/zweiraumimmo.at\\\/#\\\/schema\\\/logo\\\/image\\\/\",\"url\":\"https:\\\/\\\/zweiraumimmo.at\\\/wp-content\\\/uploads\\\/2022\\\/04\\\/zweiraum_transparent.png\",\"contentUrl\":\"https:\\\/\\\/zweiraumimmo.at\\\/wp-content\\\/uploads\\\/2022\\\/04\\\/zweiraum_transparent.png\",\"width\":651,\"height\":383,\"caption\":\"zweiraum Immobilien\"},\"image\":{\"@id\":\"https:\\\/\\\/zweiraumimmo.at\\\/#\\\/schema\\\/logo\\\/image\\\/\"},\"sameAs\":[\"https:\\\/\\\/www.facebook.com\\\/zweiraumimmo\",\"https:\\\/\\\/www.instagram.com\\\/zweiraum_immo\\\/\"]}]}<\/script>\n<!-- \/ Yoast SEO plugin. -->","yoast_head_json":{"title":"zweiraum Immobilien - Immobilien in Graz, Leibnitz, Gleisdorf ...","description":"zweiraum Immobilien GmbH ist ein Immobilienunternemen mit Sitz in Graz welches sich auf den An- und Verkauf von Immobilien spezialisiert hat.","robots":{"index":"index","follow":"follow","max-snippet":"max-snippet:-1","max-image-preview":"max-image-preview:large","max-video-preview":"max-video-preview:-1"},"canonical":"https:\/\/zweiraumimmo.at\/","og_locale":"en_US","og_type":"article","og_title":"zweiraum Immobilien","og_description":"Wir von zweiraum Immobilien fokussieren uns auf den Ankauf und die Entwicklung von Wohn- und Gewerbeimmobilien in \u00d6sterreich.","og_url":"https:\/\/zweiraumimmo.at\/","og_site_name":"zweiraum Immobilien","article_publisher":"https:\/\/www.facebook.com\/zweiraumimmo","article_modified_time":"2026-04-28T15:36:01+00:00","og_image":[{"width":651,"height":383,"url":"http:\/\/zweiraumimmo.at\/wp-content\/uploads\/2022\/04\/zweiraum_transparent.png","type":"image\/png"}],"twitter_card":"summary_large_image","twitter_misc":{"Est. reading time":"8 minutes"},"schema":{"@context":"https:\/\/schema.org","@graph":[{"@type":"WebPage","@id":"https:\/\/zweiraumimmo.at\/","url":"https:\/\/zweiraumimmo.at\/","name":"zweiraum Immobilien - Immobilien in Graz, Leibnitz, Gleisdorf ...","isPartOf":{"@id":"https:\/\/zweiraumimmo.at\/#website"},"primaryImageOfPage":{"@id":"https:\/\/zweiraumimmo.at\/#primaryimage"},"image":{"@id":"https:\/\/zweiraumimmo.at\/#primaryimage"},"thumbnailUrl":"http:\/\/zweiraumimmo.at\/wp-content\/uploads\/2022\/04\/Markus-Portrait.png","datePublished":"2022-04-26T19:11:14+00:00","dateModified":"2026-04-28T15:36:01+00:00","description":"zweiraum Immobilien GmbH ist ein Immobilienunternemen mit Sitz in Graz welches sich auf den An- und Verkauf von Immobilien spezialisiert hat.","breadcrumb":{"@id":"https:\/\/zweiraumimmo.at\/#breadcrumb"},"inLanguage":"en-US","potentialAction":[{"@type":"ReadAction","target":["https:\/\/zweiraumimmo.at\/"]}]},{"@type":"ImageObject","inLanguage":"en-US","@id":"https:\/\/zweiraumimmo.at\/#primaryimage","url":"https:\/\/zweiraumimmo.at\/wp-content\/uploads\/2022\/04\/Markus-Portrait.png","contentUrl":"https:\/\/zweiraumimmo.at\/wp-content\/uploads\/2022\/04\/Markus-Portrait.png","width":2570,"height":1941},{"@type":"BreadcrumbList","@id":"https:\/\/zweiraumimmo.at\/#breadcrumb","itemListElement":[{"@type":"ListItem","position":1,"name":"Home","item":"https:\/\/zweiraumimmo.at\/"},{"@type":"ListItem","position":2,"name":"zweiraum Immobilien"}]},{"@type":"WebSite","@id":"https:\/\/zweiraumimmo.at\/#website","url":"https:\/\/zweiraumimmo.at\/","name":"zweiraum Immobilien","description":"Immobilien neu gedacht","publisher":{"@id":"https:\/\/zweiraumimmo.at\/#organization"},"potentialAction":[{"@type":"SearchAction","target":{"@type":"EntryPoint","urlTemplate":"https:\/\/zweiraumimmo.at\/?s={search_term_string}"},"query-input":{"@type":"PropertyValueSpecification","valueRequired":true,"valueName":"search_term_string"}}],"inLanguage":"en-US"},{"@type":"Organization","@id":"https:\/\/zweiraumimmo.at\/#organization","name":"zweiraum Immobilien","url":"https:\/\/zweiraumimmo.at\/","logo":{"@type":"ImageObject","inLanguage":"en-US","@id":"https:\/\/zweiraumimmo.at\/#\/schema\/logo\/image\/","url":"https:\/\/zweiraumimmo.at\/wp-content\/uploads\/2022\/04\/zweiraum_transparent.png","contentUrl":"https:\/\/zweiraumimmo.at\/wp-content\/uploads\/2022\/04\/zweiraum_transparent.png","width":651,"height":383,"caption":"zweiraum Immobilien"},"image":{"@id":"https:\/\/zweiraumimmo.at\/#\/schema\/logo\/image\/"},"sameAs":["https:\/\/www.facebook.com\/zweiraumimmo","https:\/\/www.instagram.com\/zweiraum_immo\/"]}]}},"_links":{"self":[{"href":"https:\/\/zweiraumimmo.at\/index.php?rest_route=\/wp\/v2\/pages\/115","targetHints":{"allow":["GET"]}}],"collection":[{"href":"https:\/\/zweiraumimmo.at\/index.php?rest_route=\/wp\/v2\/pages"}],"about":[{"href":"https:\/\/zweiraumimmo.at\/index.php?rest_route=\/wp\/v2\/types\/page"}],"author":[{"embeddable":true,"href":"https:\/\/zweiraumimmo.at\/index.php?rest_route=\/wp\/v2\/users\/1"}],"replies":[{"embeddable":true,"href":"https:\/\/zweiraumimmo.at\/index.php?rest_route=%2Fwp%2Fv2%2Fcomments&post=115"}],"version-history":[{"count":131,"href":"https:\/\/zweiraumimmo.at\/index.php?rest_route=\/wp\/v2\/pages\/115\/revisions"}],"predecessor-version":[{"id":1199,"href":"https:\/\/zweiraumimmo.at\/index.php?rest_route=\/wp\/v2\/pages\/115\/revisions\/1199"}],"wp:attachment":[{"href":"https:\/\/zweiraumimmo.at\/index.php?rest_route=%2Fwp%2Fv2%2Fmedia&parent=115"}],"curies":[{"name":"wp","href":"https:\/\/api.w.org\/{rel}","templated":true}]}}